vative of -w**4 - w**3/6 + w**2. Let m be t(-1). What is the highest common divisor of m and 207?
23
Let u = 17 + 21. What is the highest common divisor of 57 and u?
19
Let f = 11 + -8. Let y = 2 + f. Let a(s) = s**3 - 5*s**2 + 4*s. Let x be a(y). Calculate the highest common divisor of 100 and x.
20
Suppose 2*j = d + 19, -6*j + 46 = -3*j - 5*d. Let o(h) = -h**2 + h + 14. Let q be o(0). What is the greatest common divisor of j and q?
7
Suppose 0*f = 3*q - 5*f + 12, q - 2*f + 5 = 0. Let s = -2 - -2. Suppose 5*w - w - 36 = s. What is the highest common factor of w and q?
1
Let p be -1 + 0 - -1 - -14. Let v be p/(-2 + 3 + 1). Let a = -6 + 20. What is the greatest common factor of a and v?
7
Suppose 0 = -4*h + 5*h + 10. Let v = 8 - h. Calculate the greatest common factor of 198 and v.
18
Let d(g) = 28*g - 13. Let f(z) = -19*z + 9. Let y(v) = -5*d(v) - 7*f(v). Let p be y(-4). What is the highest common divisor of 6 and p?
6
Let j be (0/2)/(1 - -1). Let u be (0 - -13) + j + 1. Let v(k) = 28*k**3 + k**2 - 1. Let a be v(1). What is the greatest common divisor of a and u?
14
Let l be 161/3 - 1/(-3). Let z = l - 36. Let u be 3*(5 - 2)*1. Calculate the greatest common factor of z and u.
9
Let m(y) = 23*y + 2. Let g be m(2). Suppose 0 = -0*l + 4*l - 324. Let k = l - g. Calculate the highest common divisor of k and 3.
3
Let i(n) = n**3 - 7*n**2 + n + 1. Suppose 2*x = q - 11, 0*q - q = 5*x + 3. Let u be i(q). Calculate the highest common divisor of u and 8.
8
Let j be 7*(2 - (17 + -2)). Let k = j + -16. Let a be k/(-1) - -1 - -2. Calculate the greatest common divisor of 10 and a.
10
Let z be (-1 - 2)/((-3)/4). What is the highest common factor of z and 24?
4
Let y = -28 - -50. Let l = y - 11. Calculate the highest common factor of l and 22.
11
Let k = -179 + 124. Let a = k - -87. What is the highest common divisor of a and 80?
16
Let a = 15 - 10. Suppose n + 4*y = 117, 2*y - 4*y + 603 = a*n. What is the greatest common factor of n and 11?
11
Suppose 4*h + 0*h = -28. Let z = h + 11. Let q be (-428)/(-28) + z/(-14). What is the highest common factor of 105 and q?
15
Let f be (-17)/(-4) + 3/4. Suppose -2*j + 63 = -10*c + f*c, -3*j = -c - 23. Let m = 9 - c. What is the greatest common factor of m and 10?
10
Suppose y - 98 = -2*t, 0 = 3*t - 0 - 12. Let h be 34/4 + 24/16. Calculate the highest common divisor of h and y.
10
Suppose 0 = n + n - 20. Let a be (-4)/n*(-2 + -3). Suppose q = -v - 2*q + 16, 3*v = -a*q + 62. Calculate the greatest common divisor of v and 66.
22
Let i = -5 + 13. Suppose 0 = -q - 0*q + i. Calculate the greatest common factor of q and 56.
8
Suppose 4*k + 48 = 4*z, 2*z - k - 24 = -5*k. Calculate the greatest common divisor of 12 and z.
12
Let x = -23 + 10. Let z = x + 52. Calculate the highest common divisor of z and 13.
13
Let v = 20 + 0. What is the highest common factor of 20 and v?
20
Let y be 2/(-10) + 1206/30. Calculate the highest common divisor of 5 and y.
5
Let l(o) be the third derivative of o**5/60 - o**4/12 - o**3/6 + 2*o**2. Let v be l(-2). Calculate the highest common factor of v and 21.
7
Let i = 34 - 20. What is the highest common factor of i and 154?
14
Suppose 3*w + 18 = 3*g, 3*g + 0*w = 4*w + 15. Let f(d) = d**2 - 5*d - 6. Let x be f(8). Calculate the greatest common factor of x and g.
9
Let z(i) = -i**3 - 7*i**2 + 3. Let y(x) = x**2 + 10*x + 2. Let u be y(-9). Let j be z(u). Suppose -q + 10 = -j. What is the greatest common factor of 52 and q?
13
Suppose -3*q - 1563 = -5*n, 0*n + 1565 = 5*n - 5*q. What is the highest common factor of 24 and n?
24
Let d be (0 + -1)*-14*8. Suppose p - d = -p. Calculate the highest common divisor of 7 and p.
7
Let d(y) = -y**2 - 11*y - 10. Let n be d(-9). Calculate the highest common divisor of 24 and n.
8
Let w be ((-15)/6)/(3/(-54)). What is the greatest common divisor of 180 and w?
45
Suppose 0 = -2*k + 2*l - 2, -4*k + 0*l = 2*l - 8. Calculate the highest common factor of k and 9.
1
Suppose -3*y = -5*u + 19, -u - 4 = -0*y + 2*y. Calculate the greatest common factor of u and 26.
2
Let h = -22 + 15. Let x = -6 - h. Suppose w + 30 = 4*b, 3*b - 2*w + 0*w = 25. Calculate the greatest common divisor of b and x.
1
Suppose -18 = w - 6. Let n = w - -23. Let g(k) = 6*k + 4. Let c be g(3). Calculate the highest common factor of n and c.
11
Let q be (-1)/(-6)*-8*-63. Let c be (-246)/(-21) - (-4)/14. What is the highest common factor of q and c?
12
Let t be 24/(-2) + (-12)/4. Let y be ((-12)/t)/(1/30). Calculate the highest common factor of y and 24.
24
Let p(f) = f**3 + 8*f**2 - f + 6. Let h be p(-8). Let v be ((-16)/14 - -2)*h. What is the greatest common factor of 96 and v?
12
Suppose q + 2*q - 5 = 2*m, 0 = 5*q + 2*m - 35. Let x(p) = 0 + 9*p - 1 - 4. Let k be x(q). Calculate the greatest common divisor of k and 10.
10
Let p be (36/24)/((-2)/(-4)). Suppose -4*o = -12, -p*u - 4*o + 87 = 2*u. What is the greatest common factor of u and 120?
15
Suppose -2*t - 4 = -12. Let s = 66 - 60. Calculate the highest common factor of s and t.
2
Let u = -16 - -36. Suppose -5 + 13 = -3*y + o, y - 2*o - 4 = 0. Let c be 49 - 0 - y/4. Calculate the highest common factor of u and c.
10
Let c = 10 + -1. Let p(i) = 4*i - 2. Let n be p(-3). Let z be (-8)/28 - 1390/n. What is the greatest common divisor of c and z?
9
Let u = 65 - 38. Suppose 3*b = h, -2*h - 6*b = -3*b - u. Let f be ((-60)/h)/(2/(-6)). What is the highest common factor of f and 40?
20
Suppose 2*l - 316 = -4*t, 3*t - 76 = -l + 162. What is the highest common factor of t and 10?
10
Suppose 2*d + 0*d + 6 = 0. Let g(z) = -12*z**3 + 2*z - 3. Let r be g(d). Let q be (r/10)/((-3)/(-4)). Calculate the greatest common factor of 6 and q.
6
Let i be 9/(-5)*(-1050)/63. Calculate the highest common factor of i and 15.
15
Let m = 3 + -1. Let l(k) = 2*k. Suppose -p = p - 6. Let c be l(p). What is the greatest common divisor of c and m?
2
Suppose -5*j + 293 = p + 73, 4*j - 1016 = -5*p. What is the highest common divisor of p and 20?
20
Let a be (9/(-27))/((-1)/243). Calculate the greatest common divisor of 9 and a.
9
Suppose -k + 5 + 4 = 0. Suppose 0 = -y + k - 1. Let a be (1*-2)/2 + y. Calculate the greatest common divisor of 63 and a.
7
Let l = 48 - -21. Let d(w) = -w**3 + w**2 + 4*w - 5. Let k be d(4). Let m = l + k. What is the greatest common factor of m and 4?
4
Suppose 12 = 5*l + 37. Let p be l/((-10)/4) - 1. Suppose -7 = -2*y + p. Calculate the highest common factor of y and 28.
4
Suppose u + 39 = 2*u. Suppose -5*w = -4*x + 37, 5*w - 9 = -3*x + 45. What is the greatest common divisor of x and u?
13
Suppose d - 6 = -2, 2*y + 4 = 4*d. Suppose 0 = 2*n - y*n + 40. What is the highest common divisor of 40 and n?
10
Let p(n) = n**3 + 8*n**2 + 3*n + 3. Let o be p(-3). What is the highest common factor of o and 13?
13
Let a(m) = 37*m**3 - m**2. Let y be a(1). Suppose -s + 2*s - 2 = 0. Suppose s*f = -2*f + y. What is the greatest common divisor of f and 9?
9
Suppose 0 = -10*s + 5*s + 25. What is the greatest common factor of 25 and s?
5
Let o = -12 + 24. Let p be o/9*3/2. Suppose -5*s = k + 4 + 2, -4*k + 4*s + 24 = 0. What is the highest common factor of k and p?
2
Let n = 16 - -4. Suppose 0 - 8 = -2*u. Calculate the greatest common divisor of n and u.
4
Let i(y) = -y**3 + 2 - 6 + y + 7. Let n be i(0). What is the highest common factor of 2 and n?
1
Suppose 3*l - 3*y - 8 = -l, -21 = -5*l + y. Let r be 13/5 - (-2)/l. Let h be (-16 + 2)*6/(-7). What is the highest common factor of h and r?
3
Suppose 33 - 8 = -5*i, 0 = -h - 4*i - 14. Suppose 3*u + 18 = h*u. Calculate the highest common divisor of u and 15.
3
Let s be (32 + 4)/3 - (0 + 2). Calculate the greatest common divisor of s and 10.
10
Suppose -60 = -5*x + 2*x. Suppose -28 = -4*y + x. What is the highest common divisor of y and 84?
12
Let n(i) = -i**3 + 2*i**2 + 4*i. Let u be n(-4). What is the greatest common factor of 20 and u?
20
Let z(b) = -18*b - 1. Let k be z(-1). Let c = -228 + 133. Let d = 180 + c. Calculate the greatest common divisor of k and d.
17
Let j be (264/10)/((-2)/(-10)). What is the greatest common factor of j and 12?
12
Let g be (-2)/6 - (-2788)/12. What is the greatest common divisor of 29 and g?
29
Suppose o - 2*h = -1, -3*h - 10 = -4*o - 2*h. Calculate the greatest common factor of 3 and o.
3
L